s the highest common factor of d and v?
5
Let n be -4 - (-8*1 - -2). Let y be 34 + -2 + (n - 2). What is the highest common factor of y and 16?
16
Let o(z) = -8*z**3 + 5*z**2 + 3*z + 1. Let c be (-3)/12*4 + 0 + -2. Let h be o(c). Calculate the highest common factor of h and 23.
23
Let y = 358 - 278. Calculate the greatest common divisor of 60 and y.
20
Let i = 909 - 907. Calculate the greatest common divisor of i and 2.
2
Let a be (0 + -1 + 4)*1. Let w be 7*(a + (-15)/7). Suppose -144 = -w*i + 4*i. What is the highest common divisor of 48 and i?
24
Suppose -5*o = -311 - 169. Suppose 0*z - 3*z - o = -4*v, -3*v + 2*z + 71 = 0. What is the highest common divisor of v and 63?
21
Suppose -11 + 3 = 4*u, -217 = 5*p - 4*u. Let c = p + 117. What is the greatest common divisor of 9 and c?
9
Let s be 1/((-9)/216)*-9. Calculate the highest common factor of 8 and s.
8
Let s(a) = -2*a - 27. Let m be s(-15). Suppose 4*o - 2*o = 4*l - 290, 2*l - 139 = m*o. What is the greatest common factor of l and 185?
37
Let j be (-46)/14 - 2/(-7). Let b(y) = 24*y - 24. Let u be b(0). Let x be (u/(-4) + j)*9. Calculate the highest common divisor of 18 and x.
9
Let n = 60 + -28. Calculate the greatest common divisor of 32 and n.
32
Let i(n) be the second derivative of 0 - 1/6*n**3 - 3/2*n**2 + 1/3*n**4 - 8*n. Let t be i(3). What is the highest common factor of 6 and t?
6
Let j = 59 - 38. Suppose 0 = 3*g - f - j, 5*g - 2*f + 0 = 34. What is the greatest common factor of g and 40?
8
Let h be 92 + (0 + 1)/((-1)/4). Calculate the greatest common factor of h and 48.
8
Suppose 62*y = 65962 - 7992. Calculate the highest common factor of y and 11.
11
Let z(j) = j**2. Let u be z(3). Suppose 0 = 8*t - 889 + 241. Calculate the highest common divisor of t and u.
9
Let m(o) = -2*o**3 + 2*o**2 + o - 2. Let l be m(-1). Let u(v) = -1 + 4*v**2 + 8*v**2 - 3*v**2. Let f be u(1). What is the greatest common factor of f and l?
1
Let k(b) = 3*b**2 - 19*b + 12. Let p be k(6). What is the highest common factor of p and 27?
3
Suppose 0 = -4*v - 11 + 27. Suppose 2*l = -3*j + 26, -5*j = v*l - 6*j - 38. Calculate the highest common factor of 35 and l.
5
Let z = 0 + 56. What is the greatest common factor of z and 28?
28
Let j(h) = h**2 + h + 19. Let y be j(-8). Calculate the highest common factor of y and 30.
15
Suppose 1015 = -s + 4*s + d, -5*d = -s + 365. Let z = -236 + s. Calculate the highest common divisor of z and 13.
13
Let n = 682 - 530. Calculate the highest common divisor of 114 and n.
38
Suppose 132 = 5*t - 118. Let u be t - (-5)/(20/(-8)). What is the greatest common factor of 6 and u?
6
Let t = 15 - -11. Suppose f + 4*y - 14 = 0, 3*f = -4*y + 3 + 23. Suppose f*h = 105 + 51. Calculate the greatest common divisor of h and t.
26
Suppose -4*b + 52 - 8 = 0. Let x(w) = 4*w + 12*w - 11*w - 1 - w**3. Let d be x(-3). What is the highest common divisor of b and d?
11
Let w(q) be the second derivative of -q**5/20 - q**4 - 7*q**3/3 - 23*q**2/2 - 3*q. Let y be w(-11). What is the highest common factor of 4 and y?
2
Let g(h) = -2*h**2 - 53*h - 50. Let r be g(-25). Calculate the highest common factor of 225 and r.
25
Let o be 0 - (-1)/(2/8). Suppose -d - o*d - 2*g = -36, -4*d - 2*g = -30. What is the highest common factor of 78 and d?
6
Let r(q) = -24*q**2 + 410*q - 22. Let s be r(17). Let p(z) = 5*z**2 - 3*z - 6. Let w be p(-6). Calculate the highest common factor of s and w.
12
Let v(r) = -14*r + 754. Let j be v(52). What is the greatest common factor of j and 728?
26
Let n(y) = y**3 - 1. Let h be n(1). Let z be (h + 3 - 10) + 0. Let m be z/((-2)/(-8)*-2). What is the greatest common factor of 2 and m?
2
Suppose -138 = -3*g + 78. Let c be -6 - 1*(0 - 18). What is the highest common factor of c and g?
12
Suppose 133 = 6*c + c. Suppose 4*z = -4*s + 160, -3*s - 5*z + 91 = -c. What is the greatest common divisor of s and 18?
9
Let m be 5 - (3 - (-230)/(-5)). What is the highest common factor of 84 and m?
12
Let i(o) be the first derivative of -o**4/4 + o**3/3 + o**2/2 + 6*o + 18. Let z be i(0). What is the highest common factor of 3 and z?
3
Suppose 5*h + 144 = 13*h. What is the greatest common factor of h and 162?
18
Suppose -3*a + 12 = 2*u, 0 = -a + u - 1 - 0. Let i be (96/(-30))/(a/(-15)). Calculate the greatest common factor of i and 72.
24
Let x be ((36/(-2))/(-6) - -28) + -1. Let g be (-1)/(-2*1/24). Calculate the highest common divisor of g and x.
6
Let g(m) = 2*m**2. Let d be g(-6). Let k be d/14*(-21)/(-3). Suppose -2*j = -6 - 12. Calculate the greatest common divisor of j and k.
9
Let a(f) = 3*f + 66. Let n be a(-12). Let t(x) = -3*x - 15. Let j be t(-6). Calculate the highest common divisor of n and j.
3
Let x(t) = 34*t**2 - 5*t - 3. Suppose -3*f + 6 = -6*f. Let w be x(f). What is the highest common factor of w and 11?
11
Suppose -3*t + 63 = f + 24, 0 = 2*f + 4*t - 70. Calculate the greatest common divisor of 216 and f.
27
Suppose 0 = -13*k + 8*k + 30. Let u be ((-36)/(-14))/(18/84). Calculate the greatest common factor of u and k.
6
Suppose 0 = 4*v - 5*n - 9, 0*n - 7 = 3*v - n. Let c be v*1 + (18 - 6). Let t(h) = h + 2. Let o be t(6). What is the greatest common factor of o and c?
8
Let w be -4 + (-11)/44 + (-977)/(-4). What is the highest common divisor of w and 60?
60
Let r be ((-45)/(-10))/((-4)/(-32)*-1). Let n(s) = 5*s**3 - s. Let w be n(1). Let a be (r + -6)/((-6)/w). What is the greatest common divisor of 42 and a?
14
Let a = 33 - 11. Let f = 14 + 0. Let n = a - f. Calculate the greatest common factor of n and 16.
8
Let w(p) = p**3 + 21*p**2 + 22*p + 2. Let u be w(-12). What is the greatest common divisor of 141 and u?
47
Let a be (-39)/(-2) - 63/(-126). Let k = 33 + -8. Let f be k*(0 - 2/(-5)). Calculate the highest common factor of a and f.
10
Suppose -w + s = -14, 32 = 4*w - s + 5*s. Suppose -5*o - w = -x, 3*x - 17 = -0*x - o. Calculate the greatest common factor of x and 102.
6
Let h = 1332 + -1104. Calculate the greatest common factor of 16 and h.
4
Let w(f) = 2*f**3 - 14*f**2 - 58*f + 16. Let b be w(10). What is the greatest common factor of 315 and b?
9
Let u(q) = 4*q - 65. Let b = -24 + 43. Let w be u(b). Calculate the highest common factor of w and 33.
11
Let n(r) = r**2 - r - 2. Let k be n(-2). Suppose 5*b = -k*b + 135. What is the greatest common divisor of b and 75?
15
Suppose 3*h - n - 1966 = -391, 2100 = 4*h - n. What is the highest common factor of h and 7?
7
Let r = -14 - -42. Suppose r*v - 300 = 24*v. Calculate the greatest common factor of v and 30.
15
Let u(o) = 2*o + 256. Let z be u(13). Calculate the greatest common factor of z and 658.
94
Suppose s - 13 - 122 = 0. Let l = s - 132. Calculate the greatest common factor of 54 and l.
3
Suppose -5*m - 940 = -5*j, -3*j - 361 = 2*m - 0*j. Let z = m - -313. Calculate the greatest common factor of 16 and z.
16
Suppose 15*n - 377 - 13 = 0. Calculate the greatest common factor of n and 13.
13
Suppose 4*r - 332 = 2*q, 0 = -5*r + q + q + 417. Suppose 0 = 7*o - 97 - 22. What is the highest common divisor of r and o?
17
Let u(j) = -j + 1. Let d be u(11). Let l = d - -38. Calculate the greatest common divisor of l and 56.
28
Let a be (-5)/(-15)*21 - 4. Suppose 4*w + 60 = 5*w - 4*j, -5*j = a*w - 265. What is the greatest common divisor of w and 16?
16
Suppose -3*l + 2 + 10 = 0. Suppose 31 = l*h - 77. Let y = -15 + h. Calculate the highest common factor of y and 132.
12
Let o be (-13 - -1)/(8/(-12)). Let w(j) = 2 + j**2 - 2 - 5 + 2 - 4*j. Let y be w(5). What is the highest common divisor of o and y?
2
Let k(x) be the first derivative of -15*x**2 - 20*x - 11. Let j be k(-2). Calculate the greatest common divisor of 40 and j.
40
Suppose -300*l + 290*l + 120 = 0. Let b be (0 + 1 - -3)*24. Calculate the greatest common factor of l and b.
12
Let n(h) = 18*h - 15. Let r be n(2). What is the greatest common divisor of r and 9?
3
Let p(b) = 7*b**2 + b - 1. Let w be p(1). Let l = 14 + w. What is the highest common divisor of 21 and l?
21
Suppose -40*x + 44*x = 680. Calculate the highest common divisor of 30 and x.
10
Suppose 4*s + 21 = 11*s. Let m = 29 + -15. Suppose 0*r = 2*r + 2*y + 8, -2*y = -4*r + m. Calculate the highest common factor of r and s.
1
Let u be (4 + 351/45)*10. Calculate the greatest common divisor of 1003 and u.
59
Sup